- 7 - (11 + -3))?
-31
Calculate 42 + -11 + (12 + 2 - -17).
62
Calculate (12 - -1) + -13 + -8 - 12 - -96.
76
What is 0 - -11 - 1 - (4014 + -3998)?
-6
What is -47 + -5 + 68 + -16?
0
57 - 31 - 50 - (43 - -1)
-68
What is the value of -17 - (-59 + (84 - 13))?
-29
Calculate 4 + 125 + -30 + 10 + 5 + -6.
108
0 - (-7 - ((-24 - 10) + (9 - 5) + -4))
-27
-149 - -64 - -63 - -2
-20
Calculate (86 - (-97 + 147)) + -76.
-40
(1 - -13) + 5 - ((-14 - -17) + -19 + 9)
26
What is -6 + -3 + (3 - (3 + 27)) + (64 - 63)?
-35
What is the value of 56 - (-19 - (-31 - -56 - 9))?
91
What is -37 + -35 + 313 + -159?
82
3 - (-14 - 8 - -29) - -4
0
What is 166 + -120 + (19 - 76)?
-11
-86 - (-116 + -101) - 220
-89
-28 + (-18 - (40 - 68))
-18
What is the value of 21 + -1 + (10 - (99 - 29))?
-40
Evaluate (19 + -10 - 106) + 177.
80
Calculate (-3 - -3 - 35) + 146 + -136.
-25
Calculate 12 + (24 - (29 - 5)) - -38.
50
(0 - -1) + (-52 - -71)
20
What is (-1 - 8) + -1 + -16 + 26 + -5 + -1?
-6
Evaluate (-41 + 27 - -5) + -5 + (0 - -55).
41
What is -4 + (-2 - 15) + 5 + 9 + -16 - -1?
-22
What is the value of -113 - (-174 - -87) - -45?
19
What is the value of -411 - -373 - (-33 + 2)?
-7
1 + (9 - -1) - (-184 + 20 - -103)
72
Calculate -61 - ((10 - (-16 + 24) - 1) + (-17 - -1)).
-46
What is the value of (-37 - (60 + -65)) + -18?
-50
Evaluate -59 + (17 - -39) + (5 - 3 - (-4 - -2)).
1
What is the value of -12 + 3 + 0 + -19 + -2?
-30
What is 19 + (-19 + -8 - -9) - (35 - 3)?
-31
Calculate -17 + (22 - 22 - -25) - 52.
-44
Evaluate 201 - (47 + 114) - 147.
-107
What is the value of -69 - (-17 + -2 + (-13 - -9))?
-46
What is the value of -16 - ((1 - (18 - 0)) + (-1861 - -1782))?
80
-4 - (-4 - 11) - (1 + -14 - 14)
38
Evaluate (-13 - (4 - 11)) + -72 + 102.
24
Calculate 27 + (43 - (-78 - -88)).
60
What is -15 + -46 + 63 - -29?
31
What is the value of -30 + -1 - (-92 + -25 - -51)?
35
What is the value of 112 + -24 - (244 + -153)?
-3
-30 - ((-33 - -5) + 42)
-44
-8 - (-1 - 92 - (-51 - (-158 + 102)))
90
Calculate 41 + -71 + 26 - (22 + 0) - (12 - 6).
-32
Calculate 8015 - 7893 - (75 + -1).
48
What is the value of -13 + (-66 - -10) + 103?
34
Evaluate (11 - 0) + (-11 - -1) - -6 - (0 + -46).
53
What is the value of 88 + -52 + -25 + 67?
78
Evaluate 5 + -2 + 4 - (838 + -726).
-105
What is -28 + (0 - -12) - -48?
32
Calculate 91 + -65 - (-8 + (7 - 1)) - (-6 - 2).
36
What is (0 - 8 - (46 - 34 - 23)) + 16?
19
Calculate -34 - ((-15 - 31) + -39).
51
Calculate 49 + 2 + -2 + -34 - (-8 + 0).
23
Evaluate 14 - 0 - (8 - 2) - (5 + -7 + 87).
-77
(-1 - 20) + (11 + 0 + 27 + -47 - -9)
-21
Calculate (34 - 56) + 38 + -8.
8
What is the value of 26 + (-8 + 12 - 18) + -32?
-20
What is (33 - (-1 - (-3 + 15 - 7))) + -10 + 0?
29
What is the value of 7 + 1 + 20 + 540 + -555?
13
1484 + -1444 + (2 - (4 + -7 + -2))
47
-82 + 92 + -92 - -46
-36
Evaluate 1 + -8 + -3 + 41 + -31 + 28.
28
((-11 - 1) + -1 - (-1 - 1)) + -5
-16
Calculate ((-53 - -73) + -1 + 3 - -1) + 1 + -6.
18
Evaluate -24 + (39 - (7 + -5) - 96).
-83
Calculate 15 - 1 - 4 - 1 - (220 + -291).
80
Evaluate 3 + -14 + 10 + (-82 - -123).
40
What is the value of 9 + -3 + 3 + (-158 - -88) + (7 - 1)?
-55
Calculate 65 + -23 + -5 + -26 - (33 - -2).
-24
What is (-11 - ((-32 - -17) + 15)) + 54?
43
Evaluate -1 + (-3 - 7) - (-10 - (125 - 108)).
16
Evaluate -1 - (34 - (61 + -3)).
23
Evaluate -416 - -488 - (-2 - (3 + 0 + (-3 - -1))).
75
Evaluate 7 + 1 + -11 + (12 - 19) + -20 + 0.
-30
What is -48 + 4 + (13 - (19 + -8 - -12)) - -6?
-48
Calculate -39 + 15 - -14 - (-19 + -4) - -42.
55
(27 - 15) + 6 - (-11 - -12)
17
Calculate 63 - (154 - 0) - -70.
-21
Evaluate -10 - ((-4 - -3 - 12) + 23).
-20
What is 17 + -1 - (-9 + (140 - (14 + 17)))?
-84
Evaluate 9 + -6 + (1 - -1) + -39 + (-38 - -74).
2
Calculate 11 - (27 - (11 - -31 - -20)).
46
-23 + (51 + -13 - -13)
28
(-21 - (-11 - 24 - 11) - 22) + 73
76
Calculate (-7 - 1 - -3 - (-1 + 7)) + (-102 - -19).
-94
-3 - (-7 + 3) - (92 + -55 - 8)
-28
What is 290 + -49 - (78 + 44)?
119
Calculate 21 + -173 + 84 - (12 - 1 - (0 - 0)).
-79
-51 + (-31 - (42 - 99))
-25
Calculate -6538 + 6543 + (-3 + 2 - 41 - -2).
-35
What is the value of 41 + -31 - -29 - 32?
7
24 - (7 + (-42 - -15) + 118)
-74
Calculate -1 - -63 - (4 + 3 + -8) - (-5 + 3).
65
Evaluate 84 + 10 + (-16 + 81 + -83 - (-25 - -1)).
100
(-194 - (-64 + -30)) + -9
-109
Calculate -107 + (-73 - -80 - (-6 + 34)) - -21.
-107
Evaluate (-6 - -1 - (-61 - -2 - -69)) + -59 - 11.
-85
Calculate (10 - -1) + (13 - (70 + -23)).
-23
0 - (1 - -28) - (-177 - -179)
-31
Evaluate -38 + 49 - (5 - (-78 + 3)).
-69
0 - 25 - (-79 - -47)
7
Evaluate (0 - 44) + 37 + -29 + 5 + -8 - -12.
-27
What is 23 + -6 - -49 - 13?
53
What is the value of (-1 - 3 - (2 - -12 - (130 + -121))) + -47?
-56
What is -3 - (8 - (13 + 11 + (-16 - 8)))?
-11
Evaluate 2 + 3 + -55 + 2 + (-53 + 125 - 70).
-46
Calculate -24 - (-11 - (-17 - (-3 + -12))) - 23.
-38
What is the value of -76 + (15 - 5 - -19 - 6) + (0 - 13)?
-66
What is 76 + (-132 - -87) + -37?
-6
Calculate (109 - 226 - -25) + 143.
51
Calculate 39 + 3 + -3 - (-811 + 930).
-80
Calculate -60 + -32 + 55 - (-35 + 5).
-7
Calculate (7 - -15) + -21 + (-30 - 1).
-30
114 + (-10 + -2 + 15 - (0 + -1) - 17)
101
Evaluate -3 + (17 - 0) + 71 + -72 - 89.
-76
1 + -1 + 81 + (-23 - 9) + 16
65
Calculate -20 - (-16 - (4 - (5 - -19))).
-24
What is 6 - (389 + -395 + (1 - (0 + 2)))?
13
-58 - (-48 - -31) - -56
15
-70 - (25 + -13) - (193 - 194)
-81
What is the value of -1 + 1 + -1 - (-108 - (-165 - -63))?
5
What is 50 + -39 + -7 + (1 + -1 - 61)?
-57
What is the value of (-4 - 108) + 1436 + -1314?
10
Evaluate -16 + 9 - (-62 - -15 - ((6 - -3) + -5)).
44
What is the value of -31 + 21 - (3 + -86 + 22)?
51
50 - (21 + 22) - 15
-8
Calculate -22 - -33 - (19 + (-3 - (8 + -6 + -3))).
-6
Evaluate (2450 - 2462) + 2 + 42.
32
What is (7 - 6) + 350 + -374?
-23
What is 15 + -5 + 30 + 0?
40
What is -101 - (-32 - (60 + 32))?
23
What is -1 + 31 + (163 - (159 + -18))?
52
What is 140 - 10 - (198 - 126)?
58
Evaluate (3 - (-10 - 0)) + 179 + (-165 - -78).
105
What is the value of -4 + (-32 - 40) + 28?
-48
Evaluate 19 - (-7 - (16 - (-16 - -63))).
-5
Evaluate 69 - (42 + (54 - 28)).
1
Evaluate 2 + (118 + (16 - 6 - 17 - -20) - -10).
143
Evaluate -33 + 47 - 26 - (0 + -41 - -2).
27
What is (-21 + 30 - 39) + -8?
-38
32 + 2 + (1354 + -1348 - (-7 + 1))
46
What is (8 - 0 - (-6 - (31 - 33))) + 13 + -2?
23
What is 44 + (2 - 4 - 1) - (324 - 316)?
33
-454 + 458 - (4 + 1 + -2 + (40 - 1))
-38
Calculate (-4 - 28 - (36 + -21)) + -7.
-54
What is the value of 31 - (71 + -52) - (-6 - 26)?
44
What is -18 + (-17 - (-29 - -17))?
-23
Calculate (3 - (0 - 0)) + 320 + -307.
16
What is 12 + 13 + (-9 + (13 - (0 + 1)) - -4)?
32
Evaluate 1015 + -926 - (-5 + -31).
125
Calculate -75 + 2 + 78 + 21 + -83.
-57
Evaluate (4 - -8) + (38 - 7) + -2 + (11 - 5).
47
117 + -109 - (25 + -28 + (-21 - -1))
31
Evaluate (0 - 1) + (1044 - 1032) + 33.
44
-38 - (24 - 70) - 28
-20
-1 - 170 - (-2353 - -2281)
-99
What is the value of -22 + (41 - ((29 - 18) + -18))?
26
Calculate (-160 - -92) + -2 + 8 + 3 + (21 - 8).
-46
Evaluate 5 + (-30 + 60 - (1 - 5)).
39
Calculate -107 + (-89 - -80) + 131.
15
What is 9 + -8 - (338 - 309)?
-28
Calculate -5 + -16 + 48 - (-7 + 1).
33
Evaluate 8 + (-2 - -22 - (141 - 108)).
-5
83 - (-2 - -3) - (-4467 + 4494)
55
What is the value of 39 - (10 + (31 - 0)) - (0 - -37 - -2)?
-41
Calculate (-5 - (1 + -29)) + 5 + (2 - -6) + 7.
43
-1684 + 1682 - (-2 + (7 - (2 + (1 - 1))))
-5
What is (1 - -17) + (43 + 34 - 45)?
50
What is the value of 78 + -2 + -55 - (3 - 10 - -1)?
27
Calculate -21 + (75 - -11 - -29) + 8.
102
Evaluate (-80 - -41) + (18 - -2) - (95 + 2).
-116
Evaluate (2 - 23) + (18 - (38 + -22)) + -97.
-116
What is the value of -120 + 103 - (-20 - (7 - (-5 + 2)))?
13
Evaluate 23 - (-2 + (-15 - -39)).
1
Evaluate -72 - (-46 + (2 - -12)).
-40
Calculate 44 - (-107 + (268 - 129)).
12
-4 + -47 + 47 + -50 + (-12 - -3)
-63
-23 - (-105 + 193 + -70)
-41
-65 - -66 - 67 - -5
-61
Calculate -56 - -70 - (10 + 5 + -12 + 18).
-7
Evaluate 9 + -23 + 0 + 1 + -34 - -11.
-36
4 + 15 - ((24 - 1) + -5 + -7)
8
Evaluate (28 - (-51 - -53)) + -37.
-11
Evaluate (-56 - (-29 - (15 + -47))) + -23.
-82
Calculate -3 - (-10 - (1 - (8 + -2))) - -28.
30
Calculate -92 + (-36 - 26) - -71.
-83
Calculate 42 + (12 + -1 - (-504 + 484)).
73
-48 + -25 + -